 + 24 + 124*q - 163*q. What is x(-4)?
-4
Let k(v) = -386*v - 9. Let j(n) = 331*n + 9. Let l(b) = -7*j(b) - 6*k(b). Give l(-41).
32
Let c = 5526 + -5514. Let q(w) = w**2 - 13*w - 5. Determine q(c).
-17
Let j(f) = -f - 8. Let z(r) = -r**3 - 14*r**2 - 37*r - 513. Let m be z(-14). Calculate j(m).
-13
Let t(p) = -8*p**3 - p**2 + p - 1. Let z(y) = -y**2 + 28*y + 33. Let b be z(29). Suppose -3*h = 4*l - b, -h - 2 = -2*l - 6*h. Give t(l).
-9
Suppose -4*g - t + 24 = -1, 3*g = 5*t + 36. Let p(c) be the second derivative of 1/20*c**5 + 0 - 3*c**2 + 1/2*c**4 + 2/3*c**3 + g*c. Give p(-5).
-1
Let t be (-90)/(-36)*-2 + -12. Let m(x) = 4*x + 63. Calculate m(t).
-5
Let j(u) be the first derivative of 9/2*u**2 - u + 15. Let w(f) = f**2 - 6*f + 1. Let z be w(6). Give j(z).
8
Let b(k) be the second derivative of 2*k**3 + 318*k**2 - 168*k - 16. Give b(-53).
0
Let y(k) = -k**2 - 14*k - 27. Let s be y(-9). Let d = s + -20. Let l(c) = -3*c + 2. Calculate l(d).
8
Let o(w) = -20*w - 12. Let l be o(-9). Let y = l + -166. Let n(h) = 3*h + 6*h - 2*h. Calculate n(y).
14
Suppose -7*s = -0*s - 441. Suppose 6*l - s = 13*l. Let m(a) = -10*a - a**2 + a**2 - 2*a**2 + a**2 - 8. Give m(l).
1
Let t(l) = -2*l**3 + 3*l + 2. Let d be t(-2). Let o(y) = -d*y**2 + 3*y + 11*y**2 - 4*y. Let i = -36 + 31. Determine o(i).
-20
Let d(b) = 46*b**2 + 7*b**2 + 4*b**2 + 10*b + 11 - 3*b**2 - 53*b**2. What is d(-5)?
-14
Let i(a) be the third derivative of -13*a**4/8 + 487*a**3/3 - 31*a**2 - 54*a + 2. Determine i(25).
-1
Let c(r) = -r**2 + 8*r - 22. Let h be c(5). Let d be (-4)/6*6 - h. Let a be 2/((6*-1)/d). Let g(k) = 3*k**2. What is g(a)?
3
Let p(f) = -f**2 - 10*f - 6. Suppose 4*k - 26 = v, 5*k = -2*v + k - 4. Let h be ((-6)/v*-12)/((-6)/40). Suppose -19*l - h = -13*l. Calculate p(l).
10
Let c(k) = 0*k**2 + k**2 + 3*k + 6 - 9*k. Suppose -3 = m + 3*t - 7, 4*t = 0. Suppose 4*w = m*q + 4, -w - 2 - 1 = -2*q. Give c(w).
1
Let a(t) be the second derivative of t**5/10 - 37*t**4/12 - 11*t**3/3 + 61*t**2/2 - 808*t. Determine a(19).
4
Let g(r) = -10*r**3 + 61*r**2 - 7*r - 9. Let t be g(6). Let k(u) = -u**2 - 8*u + 100. Determine k(t).
-5
Let q(v) = -20*v**3 + 15*v**2 - 15. Let o = 143 + -145. Let f(n) = n**3 - n**2 + 1. Let j(i) = o*q(i) - 30*f(i). Calculate j(-1).
-10
Let z(s) = s**2 - 11329 - 2*s**2 + 2*s**2 + 11315 + 7*s. Give z(-12).
46
Suppose -4*l = k + 8, 3*l + k = -1 - 4. Let o(a) = -465 + 7*a + 466 - 10*a. Determine o(l).
10
Let z(c) = c**3 - 4*c**2 + 2*c + 3. Let v = -97 - 195. Let g = 296 + v. What is z(g)?
11
Let w(v) be the third derivative of -v**5/60 - 13*v**4/24 - 31*v**3/6 - 755*v**2. Give w(-6).
11
Let w(a) = -4*a - 41. Let f(t) = 3*t**2 - 37*t - 137. Let c be f(15). Calculate w(c).
27
Let k(y) be the third derivative of 1/24*y**4 + 0 + 90*y**2 + 3*y + 8/3*y**3. Determine k(-10).
6
Let m(c) be the second derivative of 7*c**6/720 + c**5/24 + 25*c**4/3 - 2*c - 5. Let n(a) be the third derivative of m(a). Give n(-2).
-9
Let f(g) = -75*g + 2. Let m = -4327 + 4328. Calculate f(m).
-73
Let s be -3*((-24)/9 - -2). Let u be -16*1*(0 + s). Let t = u + 28. Let z(c) = -2*c - 5. What is z(t)?
3
Let v(i) be the first derivative of -19*i**2 - 9*i + 208. Let s(a) = -47*a - 10. Let q(g) = -4*s(g) + 5*v(g). What is q(-6)?
7
Let c be (-40)/(-90)*24 + 2/(-3). Suppose -8*b + 3*o - 27 = -c*b, -5*b = 3*o - 45. Let p(k) = k**3 - 7*k**2 + 9*k - 11. Determine p(b).
7
Let r(g) = 3 + 13 - 2 + 2*g**2 + 4*g + 1 - 3*g**2. Suppose 0 = b + 3 - 9. Calculate r(b).
3
Let d(u) = 6*u**2 - 11*u - 2. Let z(p) = 7*p**2 - 12*p - 3. Let j(o) = -6*d(o) + 5*z(o). Let r = 320 + -459. Let f = -135 - r. Determine j(f).
5
Let a(v) = v + 11. Suppose -3*p - 5*h = 786, 2*p + 9*h - 10*h = -511. Let g = p + 257. What is a(g)?
11
Let m(d) = 16*d**2 - 35*d - 25. Let j(w) = 3*w**2 - 7*w - 5. Suppose 461*n = 467*n - 12. Let y(i) = n*m(i) - 11*j(i). What is y(11)?
-39
Let q(m) = -3*m - 15. Suppose 3*d + 2*z - 173 = 0, -17*d = -12*d + 3*z - 287. Let h be (-51)/5 + (-2 - d/(-25)). Calculate q(h).
15
Let t(q) = 7*q - 9. Suppose 0 = x + z - 1, -10 + 22 = -3*z. Suppose -3*d = -5*m - 1, x*m = 4*d + 7*m - 10. Calculate t(d).
5
Let a(d) = -39 + 68 - 34 - d. Let v = -40 + 23. Let l = v + 17. What is a(l)?
-5
Suppose 4*n - 2 + 12 = -m, 14 = -2*m - 2*n. Let b(d) = -d**3 - 7*d**2 + 2*d + 26. Let u be b(m). Let c = -16 - u. Let z(t) = -t**2 + 8*t - 6. Calculate z(c).
6
Let z be (-4 + (3 - -11))*(3 - 1). Let q = 16 + -16. Suppose q = t - 6*t - z. Let f(b) = b**3 + 5*b**2 - b - 3. Calculate f(t).
17
Let n(f) be the first derivative of f**7/840 + f**5/120 - f**4/24 + f**3/3 + f**2 + 75. Let q(p) be the third derivative of n(p). Determine q(0).
-1
Let d be 0 + 1 - -2*1. Let x(m) = 2*m - d*m + m**2 - 3*m + 3. Let n = -446076 + 446080. Calculate x(n).
3
Suppose -5*z + 44 = 2*x + x, -4*x + 50 = -2*z. Let h(b) = 2085*b**2 - 6246*b**2 - 26*b + 2074*b**2 + 5 + 2089*b**2. Calculate h(x).
5
Let k(d) be the second derivative of 34*d**3/3 - 407*d**2/2 - 3479*d + 1. Determine k(6).
1
Let r(i) be the third derivative of i**4/8 + 19*i**3/6 + 91*i**2 - 4. Calculate r(6).
37
Let c(f) = -6*f**3 - 13*f**2 + 6*f - 16. Let w(g) = 7*g**3 + 15*g**2 - 5*g + 17. Let s(b) = -6*c(b) - 5*w(b). What is s(-5)?
16
Suppose 2 + 1 = 3*g. Let t(r) = -28*r**2 - 13. Let w(h) = 7*h**2 + 3. Suppose 0 = 99*a - 100*a - 2. Let v(f) = a*t(f) - 9*w(f). Determine v(g).
-8
Suppose -r + 2*b = -8, -4*r + 7*b = 3*b - 24. Let m be ((-2)/4)/(r/48). Let s(n) = 0 + 2*n + 5 + 0 - 1 + 9 - 4. What is s(m)?
-3
Let x(n) = 2*n**2 + 5*n - 3. Let k = -409 + 617. Let t = -205 + k. Give x(t).
30
Let b(c) = c**2 - c - c**2 + 5 - c**3. Let h = -31 + 33. Let m(x) = -x**3 + x**2 + 3*x - 2. Let a be m(h). Calculate b(a).
5
Let c(s) = -24*s + 18 - 5*s**2 - 5*s**2 - 4*s**2 - 2 + 3*s**3. Let i(z) = -2*z**3 + 6*z**2 + 12*z - 8. Let r(g) = -3*c(g) - 5*i(g). Determine r(-11).
-19
Let j(h) = -5*h + 2. Let o = -75 + 77. Suppose 5*l = 4*g - 20, -3*g + 5 = -o*g - 3*l. Determine j(g).
-23
Let i(l) = -2*l - 4. Let c be (-1 - (0 - -5)) + 4. Let u be c/(-3) + (-10)/6 + 25. Let s = -29 + u. Give i(s).
6
Suppose -2*f + 34 = t, 114 = -5*t + 8*t + 3*f. Suppose t*i - 5 = 41*i. Let o(m) = -5*m - 2. What is o(i)?
-27
Let n(z) = -22*z**3 - 3*z**2 - 16*z - 346. Let r(m) = 7*m**3 + m**2 + 5*m + 116. Let u(l) = -6*n(l) - 19*r(l). Determine u(0).
-128
Suppose 10*u + 1028 = 6*u. Let r = u + 266. Let y(k) = -k**2 + 9*k + 11. Give y(r).
11
Let v(m) = 3 + 3 + 7 - 5*m + 3 - 20. Let t be 14/(-5) + 3/(-15). Let d = t + -3. What is v(d)?
26
Let u(i) = 3*i - 726*i**2 - 5*i + 2 - 722*i**2 + i**3 + 1440*i**2. Give u(8).
-14
Suppose 4*h = 2*h + 6, 5*v + 2*h - 26 = 0. Suppose -v + 11 = -d. Let r(j) = j**3 + 6*j**2 - 4*j - 2. Give r(d).
-23
Suppose -2*b = -6*b + 20. Suppose -5*w = -0*w + b*s + 320, 0 = 4*s + 8. Let f = w - -71. Let d(g) = -g + 10. What is d(f)?
1
Let t be ((-190)/(-20))/(1/12). Let z = 113 - t. Let a(w) = -3*w + 1. What is a(z)?
4
Let v(q) be the first derivative of -8/3*q**3 + 2*q + 20 + 4*q**2 + 1/4*q**4. Calculate v(7).
9
Let p(w) be the second derivative of -w**3/6 + 3*w**2/2 - w. Suppose 0 = -103*s - 186*s + 937 + 797. Calculate p(s).
-3
Let q(m) = 3*m**2 - 16*m + 3. Let l be q(12). Let t(f) = 15 + 239*f - 10 - l*f. Give t(2).
-3
Let n(z) = -3*z - 25. Let w = -4478 - -4472. Give n(w).
-7
Suppose -5*z + 30 - 1 = 3*h, 0 = 5*h - z - 39. Suppose -h = -22*d - 30. Let q(g) be the second derivative of 5*g**3/6 + g**2/2 + g. Determine q(d).
-4
Let k(c) = 2*c**2 + 40*c - 37. Let p = 4157 + -4178. What is k(p)?
5
Let w(o) = -3 + 0*o + 13*o**2 - 1 - 14*o**2 + o. Suppose -133*d = -135*d. Let q be (d + 0/(-4))/(1 - 0). Determine w(q).
-4
Let o(h) be the first derivative of 11*h**2/2 + 105*h + 31. What is o(-10)?
-5
Suppose 3*l + 0 - 6 = 0. Let i(q) = l + q - 2 + 0. Let j be (162/(-135))/((-3)/(-5)). What is i(j)?
-2
Let r(j) be the third derivative of -2*j**2 + 1/12*j**4 + 0*j**5 + 1/6*j**3 + 0 - 13*j + 1/120*j**6. Let f = -6 + 4. Give r(f).
-11
Let g(c) = -2*c**2 - 26*c + 5. Let a(l) = -313*l - 8462. Let b be a(-27). Give g(b).
49
Suppose 4*h - 22 = -3*o, 18*o - 18 = -3*h + 15*o. Let n = h + -5. Let w(z) = -10*z + 1. Calculate w(n).
11
Let t(b) = 5*b**3 - 10*b**2 - 6*b - 5. Let h = -223 + 222. Let s(a) = -a**3 + a**2 + a + 1. Let x(w) = h*t(w) - 6*s(w)